5
Calculate -1 + 13 + -28 + 25 + -2.
7
What is the value of 6 - ((-1 - -5) + 12 + -14)?
4
Evaluate 1 + (2 - -8) + -7 + 0.
4
What is the value of -1 + 1 - (18 - 13)?
-5
What is the value of (25 - 32) + (1 - -1 - -1)?
-4
Evaluate 9 - (7 - 5 - -4).
3
15 - 13 - (-2 - (-5 + 0))
-1
Calculate 1 + 13 + -5 + -5.
4
What is 2 + 1 + 1 - 0?
4
Calculate -8 + -1 + -2 + (1 - -6).
-4
10 - (-3 - (-2 + (-5 - 0)))
6
Calculate -2 - 7 - (-1 + -3 + 0).
-5
Evaluate 6 - ((-5 - -3) + 3).
5
What is (6 - 3 - (1 + 8)) + -2?
-8
-1 - (-4 + 5 + -7)
5
What is (7 - (-1 + 7)) + (-2 - -5)?
4
Calculate 11 - (14 - (-13 - -9)).
-7
What is the value of -16 + (9 - 2) + 11?
2
Evaluate -88 + 82 + (-1 - -6).
-1
Evaluate (-1 + 4 - -2) + -1.
4
What is the value of -1 + (-1 - 1) + 3 + 1?
1
What is 3 - (-11 + 12 + 2)?
0
2 + (-1 - -7) + -3
5
Calculate 5 + 0 + -6 + (-2 - 0).
-3
What is -5 - ((-5 - 4) + 2)?
2
Evaluate -1 + (-9 - 0) + 0 + 7.
-3
Evaluate 4 - (3 - (5 - 2)).
4
Calculate -10 + 17 + (10 - 18).
-1
Evaluate 4 - (-6 + 3) - (3 - 1).
5
5 + -5 + -6 + 4
-2
Evaluate 0 + (12 - 17 - (-12 + 2)).
5
What is the value of (-1 - (-8 + 9)) + 2?
0
What is the value of 9 + (12 - 8) - 8?
5
What is the value of 3 - (-9 + (9 - 1))?
4
What is the value of 8 + (2 - 4) + -1?
5
What is the value of 4 + -10 + 0 + 3 - -2?
-1
What is the value of -6 + (-9 - (-12 + -5))?
2
8 - 18 - (1 - (8 - 4))
-7
3 + (1 - 3) + 1 + 1
3
0 - -6 - 9 - -2 - -2
1
Calculate (-3 - -1) + 10 + -5.
3
What is (11 - (-1 + 4)) + -4?
4
What is -5 - (5 + -12) - 7?
-5
-6 - (0 - 1) - (1 - 14)
8
What is the value of -5 + 4 + (-7 - -6)?
-2
Evaluate -4 - (-4 - 0) - (7 - 3).
-4
What is -176 + 182 + (1 - 1) + -15?
-9
Calculate -1 + (-1 - -1) + -111 + 104.
-8
Calculate (2 - 4) + 7 - 1.
4
Calculate (-11 - (6 + -11)) + 1 + 0.
-5
What is the value of -7 - (-6 - -4 - 4)?
-1
Evaluate 8 + (2 - ((1 - -5) + -1)).
5
What is the value of 2 - (12 + -2) - -7?
-1
Calculate -15 + (-6 - (-24 + 13)).
-10
4 + 0 + (-4 - -2)
2
Evaluate 1 - (-2 + 1) - (-4 - -2).
4
Evaluate -3 - (-7 + 7) - (-2 - 2).
1
-11 + 17 - 20 - -10
-4
What is (-8 - 0) + (0 - -4) + -1?
-5
What is the value of 97 + -89 - (-1 + 11)?
-2
What is the value of (-8 - -5) + 1 + 0?
-2
Evaluate 0 + 2 + -2 + -10 + 3.
-7
(-4 - (-2 - -2) - -2) + 0
-2
(-8 - (0 - 4)) + -1
-5
What is 6 + -1 - (7 + 4 + -6)?
0
Evaluate 1 - (0 - 0 - 1).
2
-3 + (4 - (1 + 3 + 0))
-3
What is -2 + -11 + 6 + -5 + 5?
-7
What is the value of (7 - 10 - -5) + -3?
-1
Evaluate (-5 - -5 - -2) + (1 - 1).
2
2 - (2 - (-4 - -2)) - 0
-2
-2 + -9 + 5 - -2
-4
What is 0 - 1 - (-28 + 33)?
-6
What is the value of 30 - 20 - (8 + -4 + 3)?
3
What is -41 + 33 + 4 + 1?
-3
Evaluate 1 + -1 + (36 - 32).
4
What is the value of 16 - 17 - (-7 - -4)?
2
Evaluate -3 + 0 + (-2 + 5 - -5).
5
What is the value of (9 - 1) + (-127 - -115)?
-4
What is 3 - (-1 - -5 - (-9 + 5))?
-5
Evaluate 7 + 6 + -9 - 6.
-2
What is the value of -1 + (-9 - (-14 - -6))?
-2
What is 1 - (10 - 6 - -1)?
-4
What is the value of -2 - ((10 - 6) + -7) - 4?
-3
What is 5 + -3 + 1 + 2?
5
What is (22 - 29) + (2 - -2 - 0)?
-3
Evaluate 13 - 3 - (-14 - -21).
3
Evaluate -3 - (5 - 2 - 4).
-2
Evaluate -4 - (5 - 5) - -5.
1
Calculate -7 - (3 - (14 - 7)).
-3
What is the value of (4 - 0) + (1 - 9)?
-4
What is the value of (6 - 2) + -16 + 13?
1
What is the value of -3 + 1 - -3 - (-2 - -1)?
2
What is the value of 3 + (5 + 1 - (20 - 17))?
6
Evaluate 1 + (-5 - (-5 - -2)) - -4.
3
2 + (-2 - -2) - (68 + -67)
1
Calculate 14 + -5 + (-12 - -3 - -7).
7
Evaluate 3 + (-1 - (-2 + -1)).
5
What is (-2 - -3) + 4 + (-3 - 1)?
1
-7 + -5 + -1 + 9
-4
Calculate (-5 - (3 + -10 + 3)) + 6.
5
Evaluate 1 - (5 - 28) - 13.
11
Calculate (5 - 17 - -5) + 0.
-7
What is -1 - (-3 + 8) - (-3 + 2)?
-5
Calculate (-17 - -31 - 21) + 0 + 2.
-5
-5 + (-3 - -7 - -2)
1
Calculate -3 + 10 + (0 - 2).
5
What is the value of -5 + 8 + -2 - 4?
-3
Evaluate -14 - (-20 + -6) - 3.
9
What is the value of 6 + 5 + -7 - 4?
0
Calculate 0 + 6 + -4 - 6.
-4
Evaluate 23 + -40 + 13 - (0 + -1).
-3
What is -30 - -24 - (-7 + 1) - -3?
3
What is the value of 9 + 3 + -4 + 2 + -4?
6
What is the value of 3 + 2 + -10 + 1?
-4
What is 4 + (16 + -12 - 13)?
-5
Calculate 6 + (-1 - 6) + 10 + 0.
9
-27 - -26 - (0 + 0 + -6)
5
What is the value of 2 + -2 + -1 + -1?
-2
Evaluate -6 + 1 - (0 + 0 + -1).
-4
What is the value of 2 - (-1 + -3 - (2 + -4))?
4
-1 - -5 - (5 + -5) - 2
2
What is the value of -3 + 2 - (-1 + -3 + 1)?
2
-2 - (-4 + 2) - -2
2
What is 9 + -6 + (-2 - 1)?
0
Evaluate 2 + (-3 - -1) + -3 - -2.
-1
What is the value of -1 + 1 + -5 + 6 + -1?
0
What is (-1 + 2 - (2 + 1)) + 7?
5
Calculate -1 - -3 - (3 - -1).
-2
What is the value of (4 - 3) + -4 + 9 - 2?
4
Evaluate -5 - (7 - (7 - -2)).
-3
(0 + 0 - -4) + (62 - 61)
5
What is the value of (-5 - 1) + -4 + 4?
-6
What is 13 + (8 - 10) - 10?
1
What is (-3 - 1) + (18 - 12)?
2
Calculate 9 + -19 + 7 - (1 + 0).
-4
Calculate 5 - 20 - -11 - -2.
-2
Calculate -10 + 5 + 6 + -4.
-3
Calculate 1 + -8 - (7 - 7) - -5.
-2
What is -1 - 1 - (5 + 7 + -9)?
-5
What is -29 - -36 - (-1 - -6)?
2
Evaluate -9 + (-11 - -30 - 9).
1
-6 + 1 + 3 + 6 - 8
-4
(-8 + 10 - -13) + -4
11
Evaluate -9 - (2 - (2 + 8)).
-1
Evaluate 5 + (1 - 3 - -2) + 3.
8
What is -4 + 0 + 53 + -48?
1
2 - (0 - (-7 - -7))
2
What is the value of -8 + 2 + 6 - -4?
4
What is -5 + 4 + (-1 - 2) + 2?
-2
What is (-1 - -4) + 12 + -15?
0
7 + 0 + -1 + (7 - 11)
2
What is the value of 2 + 0 + (46 - 39)?
9
3 - (-1 + (1 - -4))
-1
1 + 1 - 0 - (5 + -7)
4
Calculate (7 - (16 - 10)) + 0 + -5.
-4
What is the value of -1 - (-1 + -3) - (-3 + 1)?
5
Calculate 13 + -12 + 3 - 7.
-3
(18 - 38) + 1 + 13
-6
What is the value of 0 - (-3 - (-2 - -2)) - 5?
-2
What is the value of (4 - 2) + 6 + 106 + -104?
10
What is 5 + -2 - (2 - 0 - 0)?
1
What is 4 - ((2 - -6) + -6)?
2
1 + (-5 + 0 - 0 - -11)
7
Calculate -7 + (5 + -1 - 1) - -1.
-3
What is the value of -14 + 7 + 7 - 2?
-2
What is the value of -1 + (-3 - -3) + -1 + 1?
-1
-4 - (7 - -9 - 11)
-9
What is the value of -7 - (-13 - (2 + -9)) - 0?
-1
What is the value of (7 - 0) + 7 - (5 - -1)?
8
What is 1 + (-4 - -1) - -5?
3
Evaluate 7 - 3 - (-6 - -5) - -1.
6
What is 5 + (4 + -2 + 0 - 2)?
5
What is 16 - (17 + -8) - 3?
4
Evaluate -1 + -5 + 2 + 4.
0
Calculate 2 - -2 - 3 - -2.
3
What is the value of -3 + (8 - 7) + 3?
1
Calculate 0 - -2 - (-8 + 7 - -2).
1
What is the value of 3 - ((3 - -1) + -38 + 40)?
-3
-5 + 2 + 9 + -8
-2
Calculate 6 + -5 + -2 - 2.
-3
What is the value of 13 - 3 - (9 + -3 - -1)?
3
(-2 - -8) + 0 - 2 - 3
1
What is the value of 0 - ((-1 - 2) + -1) - 3?
1
What is (2 - 1) + -4 + (16 - 8)?
5
-6 + 3 + 1 - (-3 - -4)
-3
What is the value of 3 + -4 + (-5 - -3)?
-3
What is the value of 14 + (-1 - 1 - 8)?
4
Evaluate -3 + 0 - (8 - 11).
0
Evaluate 16 + (-5 - -7) + -11.
7
What is the value of -1 - -8 - 9 - (-1 - 2)?
1
(-1 - -1) + 3 - 6 - -7
4
Evaluate 5 + -6 + (0 - -2) - 1.
0
Calculate -1 - -4 - (23 - (12 - -5)).
-3
What is 4 + 2 + -4 - -4?
6
What is 2 + -7 + 3 + 4?
2
What is 1 - -2 - 7 - -1?
-3
What is the value of 2 - 4 - -8 - 3?
3
What is -12 - (1 + 5 - 11)?
-7
Evaluate -1 + -10 + 16 + (8 - 2).
11
What is the value of (-7 + 2 - -5 - -1) + -8?
-7
What is -5 + -2 + 4 + 2?
-1
Evaluate -5 - (-9 + (-4 - -2 - -7)).
-1
What is -6 + 6 + (-12 - -7)?
-5
What is -5 - -23 - 12 - 11?
-5
What is -1 - -1 - (-4 + -1 - -4)?
1
What is the value of 5 + (-8 - (2 + -5))?
0
What is the value of 9 + 0 + (-30 - -24)?
3
Calculate (-5 - 7) + 13 + 9.
10
What is the value of 63 + -65 - (-1 + 1 + -4)?
2
What is the value of -2 - (4 + -6 - -1)?
-1
What is -3 + (5 - 8 - (-1 - 5))?
0
-6 + 5 - (0 - -2 - 1)
-2
What is the value of (-2 + -5 - 1) + 3?
-5
Calculate (-1 - (2 + -6)) + 0.
3
-2 + -6 + 21 + -17
-4
Evaluate 16 + (-8 - 9) + -2 + 0.
-3
What is 1 - ((-2 - -3) + 1)?
-1
Evaluate 2 - (1 + -2 + 3 - 1).
1
Evaluate 5 - ((-4 - -3) + (-2 - -1)).
7
(-4 - (2 - 9) - 3) + 3
3
-2 + 0 - (1 - -4)
-7
Evaluate 4 + -5 + (5 + -9 - 0).
-5
Calculate -8 + (-13 - -9) + 6.
-6
Calculate 4 + (-14 - -2) + 3.
-5
What is 3 + -1 + -1 + (-18 - -21)?
4
What is -7 - (-1 + (-4 - 1) - -2)?
-3
Calculate -1 - -4 - (6 - 9) - 2.
4
Evaluate -5 - (2 + -2 + -1).
-4
Evaluate 19 - (-9 + 33 - 12).
7
-28 + 33 - (6 + 0) - -3
2
What is the value of 4 + -2 + -9 + 1 - -1?
-5
What is the value of -7 + 16 - (9 - 3)?
3
9 + 0 - 17 - -6
-2
-2 + -2 + 2 + (-26 - -30)
2
-8 + 9 + -12 +